{"id":135,"date":"2023-04-05T16:27:10","date_gmt":"2023-04-05T14:27:10","guid":{"rendered":"https:\/\/avelismobileconcept.fr\/?page_id=135"},"modified":"2025-07-11T18:17:56","modified_gmt":"2025-07-11T16:17:56","slug":"nos-services","status":"publish","type":"page","link":"https:\/\/avelismobileconcept.fr\/?page_id=135","title":{"rendered":"Nos services"},"content":{"rendered":"\n<div id=\"section-g-9wq181m\" class=\"wp-block-gutentor-e6 section-g-9wq181m gutentor-element gutentor-element-image gutentor-enabled-width text-align-center-desktop\"><div class=\"gutentor-element-image-box\"><div class=\"gutentor-bg-image\"><\/div><\/div><\/div>\n\n\n\n<div style=\"height:50px\" aria-hidden=\"true\" class=\"wp-block-spacer\"><\/div>\n\n\n\n<div class=\"wp-block-columns is-layout-flex wp-container-core-columns-is-layout-9d6595d7 wp-block-columns-is-layout-flex\">\n<div class=\"wp-block-column is-layout-flow wp-block-column-is-layout-flow\" style=\"flex-basis:66.66%\">\n<figure class=\"wp-block-image size-large is-resized\"><img fetchpriority=\"high\" decoding=\"async\" width=\"1024\" height=\"273\" src=\"https:\/\/avelismobileconcept.fr\/wp-content\/uploads\/2025\/06\/Sans-titre-13-1024x273.png\" alt=\"\" class=\"wp-image-1994\" style=\"object-fit:cover;width:1500px;height:400px\" srcset=\"https:\/\/avelismobileconcept.fr\/wp-content\/uploads\/2025\/06\/Sans-titre-13-1024x273.png 1024w, https:\/\/avelismobileconcept.fr\/wp-content\/uploads\/2025\/06\/Sans-titre-13-600x160.png 600w, https:\/\/avelismobileconcept.fr\/wp-content\/uploads\/2025\/06\/Sans-titre-13-300x80.png 300w, https:\/\/avelismobileconcept.fr\/wp-content\/uploads\/2025\/06\/Sans-titre-13-768x205.png 768w, https:\/\/avelismobileconcept.fr\/wp-content\/uploads\/2025\/06\/Sans-titre-13.png 1500w\" sizes=\"(max-width: 1024px) 100vw, 1024px\" \/><\/figure>\n<\/div>\n\n\n\n<div class=\"wp-block-column is-vertically-aligned-center is-layout-flow wp-block-column-is-layout-flow\" style=\"flex-basis:33.33%\">\n<p style=\"font-size:18px;font-style:normal;font-weight:300\">\ud83d\udca1 Trouvez la meilleure box internet<br>Nous comparons avec vous les offres internet parmi les plus grands op\u00e9rateurs : Orange, SFR, Bouygues, Free\u2026<br>Fibre, ADSL ou 4G Box : selon votre \u00e9ligibilit\u00e9, nous vous proposons l\u2019offre la plus adapt\u00e9e \u00e0 votre usage et \u00e0 votre budget.<br>\u2705 Multi-op\u00e9rateurs<br>\u2705 Installation rapide<br>\ud83d\udccdTestez votre \u00e9ligibilit\u00e9 au magasin d\u00e8s maintenant !<\/p>\n<\/div>\n<\/div>\n\n\n\n<div class=\"wp-block-columns is-layout-flex wp-container-core-columns-is-layout-9d6595d7 wp-block-columns-is-layout-flex\">\n<div class=\"wp-block-column is-layout-flow wp-block-column-is-layout-flow\" style=\"flex-basis:66.66%\">\n<figure class=\"wp-block-image size-large is-resized\"><img decoding=\"async\" width=\"1024\" height=\"273\" src=\"https:\/\/avelismobileconcept.fr\/wp-content\/uploads\/2025\/06\/Protected1-1-1024x273.png\" alt=\"\" class=\"wp-image-1987\" style=\"object-fit:cover;width:1500px;height:400px\" srcset=\"https:\/\/avelismobileconcept.fr\/wp-content\/uploads\/2025\/06\/Protected1-1-1024x273.png 1024w, https:\/\/avelismobileconcept.fr\/wp-content\/uploads\/2025\/06\/Protected1-1-600x160.png 600w, https:\/\/avelismobileconcept.fr\/wp-content\/uploads\/2025\/06\/Protected1-1-300x80.png 300w, https:\/\/avelismobileconcept.fr\/wp-content\/uploads\/2025\/06\/Protected1-1-768x205.png 768w, https:\/\/avelismobileconcept.fr\/wp-content\/uploads\/2025\/06\/Protected1-1.png 1500w\" sizes=\"(max-width: 1024px) 100vw, 1024px\" \/><\/figure>\n<\/div>\n\n\n\n<div class=\"wp-block-column is-vertically-aligned-center is-layout-flow wp-block-column-is-layout-flow\" style=\"flex-basis:33.33%\">\n<p style=\"font-size:18px;font-style:normal;font-weight:300;text-transform:none\">Aujourd\u2019hui, nos vies sont connect\u00e9es : photos, messages, donn\u00e9es bancaires\u2026 tout passe par nos appareils. Mais \u00eates-vous vraiment prot\u00e9g\u00e9s ? Notre service de <strong>protection de la vie num\u00e9rique<\/strong> PROTECTED, vous aide \u00e0 s\u00e9curiser vos appareils connect\u00e9s, vos comptes et vos donn\u00e9es personnelles. Nous vous accompagnons pour <strong>pr\u00e9venir les risques<\/strong>, <strong>bloquer les menaces<\/strong>, et <strong>reprendre le contr\u00f4le<\/strong> en cas de probl\u00e8me. Parce que derri\u00e8re chaque \u00e9cran, il y a une vie \u00e0 prot\u00e9ger. Prot\u00e9gez ce qui compte. <strong>Prot\u00e9gez votre vie num\u00e9rique.<\/strong><\/p>\n\n\n\n<p><\/p>\n<\/div>\n<\/div>\n\n\n\n<div class=\"wp-block-columns is-layout-flex wp-container-core-columns-is-layout-9d6595d7 wp-block-columns-is-layout-flex\">\n<div class=\"wp-block-column is-layout-flow wp-block-column-is-layout-flow\" style=\"flex-basis:66.66%\">\n<figure class=\"wp-block-image size-large is-resized\"><img decoding=\"async\" width=\"1024\" height=\"273\" src=\"https:\/\/avelismobileconcept.fr\/wp-content\/uploads\/2025\/06\/Transfert1-1024x273.png\" alt=\"\" class=\"wp-image-1986\" style=\"object-fit:cover;width:1500px;height:400px\" srcset=\"https:\/\/avelismobileconcept.fr\/wp-content\/uploads\/2025\/06\/Transfert1-1024x273.png 1024w, https:\/\/avelismobileconcept.fr\/wp-content\/uploads\/2025\/06\/Transfert1-600x160.png 600w, https:\/\/avelismobileconcept.fr\/wp-content\/uploads\/2025\/06\/Transfert1-300x80.png 300w, https:\/\/avelismobileconcept.fr\/wp-content\/uploads\/2025\/06\/Transfert1-768x205.png 768w, https:\/\/avelismobileconcept.fr\/wp-content\/uploads\/2025\/06\/Transfert1.png 1500w\" sizes=\"(max-width: 1024px) 100vw, 1024px\" \/><\/figure>\n<\/div>\n\n\n\n<div class=\"wp-block-column is-vertically-aligned-center is-layout-flow wp-block-column-is-layout-flow\" style=\"flex-basis:33.33%\">\n<p style=\"font-size:18px;font-style:normal;font-weight:300\">Quand on change de t\u00e9l\u00e9phone, une question revient toujours : <em>\u00ab Et mes donn\u00e9es ? \u00bb<\/em> Photos, contacts, messages, applications\u2026 personne n\u2019a envie de tout perdre ni de passer des heures \u00e0 tout reconfigurer. C\u2019est pourquoi nous vous proposons un <strong>service de transfert de donn\u00e9es complet<\/strong>, <strong>simple et s\u00e9curis\u00e9<\/strong>. En quelques minutes, nous transf\u00e9rons pour vous : &#8211; Vos <strong>photos et vid\u00e9os<\/strong>; vos <strong>contacts et messages<\/strong>; vos <strong>applications et param\u00e8tres<\/strong>, si compatibles. Et m\u00eame vos <strong>comptes et documents<\/strong>, selon les mod\u00e8les. Que vous passiez d\u2019un iPhone \u00e0 un Android, ou d\u2019un ancien mod\u00e8le \u00e0 un nouveau, on s\u2019occupe de tout. Et bien s\u00fbr, tout cela est fait <strong>de mani\u00e8re confidentielle et s\u00e9curis\u00e9e<\/strong>, ici m\u00eame, avec votre accord. C\u2019est la solution id\u00e9ale pour repartir <strong>avec un t\u00e9l\u00e9phone pr\u00eat \u00e0 l\u2019emploi<\/strong>, comme si c\u2019\u00e9tait toujours le v\u00f4tre\u2026 en mieux !<\/p>\n<\/div>\n<\/div>\n\n\n\n<div class=\"wp-block-columns is-layout-flex wp-container-core-columns-is-layout-9d6595d7 wp-block-columns-is-layout-flex\">\n<div class=\"wp-block-column is-layout-flow wp-block-column-is-layout-flow\" style=\"flex-basis:66.66%\">\n<figure class=\"wp-block-image size-large is-resized\"><img loading=\"lazy\" decoding=\"async\" width=\"1024\" height=\"273\" src=\"https:\/\/avelismobileconcept.fr\/wp-content\/uploads\/2025\/06\/Banniere-installation-copie-1-1024x273.png\" alt=\"\" class=\"wp-image-1983\" style=\"object-fit:cover;width:1500px;height:400px\" srcset=\"https:\/\/avelismobileconcept.fr\/wp-content\/uploads\/2025\/06\/Banniere-installation-copie-1-1024x273.png 1024w, https:\/\/avelismobileconcept.fr\/wp-content\/uploads\/2025\/06\/Banniere-installation-copie-1-600x160.png 600w, https:\/\/avelismobileconcept.fr\/wp-content\/uploads\/2025\/06\/Banniere-installation-copie-1-300x80.png 300w, https:\/\/avelismobileconcept.fr\/wp-content\/uploads\/2025\/06\/Banniere-installation-copie-1-768x205.png 768w, https:\/\/avelismobileconcept.fr\/wp-content\/uploads\/2025\/06\/Banniere-installation-copie-1.png 1500w\" sizes=\"(max-width: 1024px) 100vw, 1024px\" \/><\/figure>\n<\/div>\n\n\n\n<div class=\"wp-block-column is-vertically-aligned-center is-layout-flow wp-block-column-is-layout-flow\" style=\"flex-basis:33.33%\">\n<p class=\"has-text-align-left\" style=\"font-size:18px;font-style:normal;font-weight:300\">Besoin d\u2019un coup de main pour installer votre box Internet\u202f?<br>On s\u2019occupe de tout\u202f! Notre service inclut :<br>&#8211; <strong>L\u2019installation de votre box (fibre ou ADSL)<\/strong><br>&#8211; <strong>Le r\u00e9glage du Wi-Fi s\u00e9curis\u00e9<\/strong><br>&#8211; Et <strong>la configuration de tous vos appareils<\/strong> : smartphones, ordinateurs, TV, imprimantes, etc.<br>Rapide, simple et sans prise de t\u00eate : vous profitez d\u2019une connexion pr\u00eate \u00e0 l\u2019emploi, chez vous, d\u00e8s le premier jour. <br>Vous repartez avec une installation <strong>pr\u00eate \u00e0 l\u2019usage<\/strong>, <strong>optimis\u00e9e<\/strong>, et <strong>adapt\u00e9e \u00e0 votre quotidien<\/strong> \u2014 sans stress ni perte de temps. C\u2019est un service id\u00e9al pour tous : familles, seniors, t\u00e9l\u00e9travailleurs, ou ceux qui veulent simplement que <strong>tout fonctionne du premier coup<\/strong>.<\/p>\n<\/div>\n<\/div>\n\n\n\n<div class=\"wp-block-columns is-layout-flex wp-container-core-columns-is-layout-9d6595d7 wp-block-columns-is-layout-flex\">\n<div class=\"wp-block-column is-layout-flow wp-block-column-is-layout-flow\" style=\"flex-basis:66.66%\">\n<figure class=\"wp-block-image size-large is-resized\"><img loading=\"lazy\" decoding=\"async\" width=\"1024\" height=\"273\" src=\"https:\/\/avelismobileconcept.fr\/wp-content\/uploads\/2025\/06\/Banniere-dropshipping-1-1024x273.png\" alt=\"\" class=\"wp-image-1982\" style=\"object-fit:cover;width:1500px;height:400px\" srcset=\"https:\/\/avelismobileconcept.fr\/wp-content\/uploads\/2025\/06\/Banniere-dropshipping-1-1024x273.png 1024w, https:\/\/avelismobileconcept.fr\/wp-content\/uploads\/2025\/06\/Banniere-dropshipping-1-600x160.png 600w, https:\/\/avelismobileconcept.fr\/wp-content\/uploads\/2025\/06\/Banniere-dropshipping-1-300x80.png 300w, https:\/\/avelismobileconcept.fr\/wp-content\/uploads\/2025\/06\/Banniere-dropshipping-1-768x205.png 768w, https:\/\/avelismobileconcept.fr\/wp-content\/uploads\/2025\/06\/Banniere-dropshipping-1.png 1500w\" sizes=\"(max-width: 1024px) 100vw, 1024px\" \/><\/figure>\n<\/div>\n\n\n\n<div class=\"wp-block-column is-vertically-aligned-center is-layout-flow wp-block-column-is-layout-flow\" style=\"flex-basis:33.33%\">\n<p style=\"font-size:18px;font-style:normal;font-weight:300\">Besoin d&rsquo;un accessoire <strong>non disponible<\/strong> en magasin. Pas de probl\u00e8me. Gr\u00e2ce au <strong>\u00ab\u00a0dropshipping\u00a0\u00bb<\/strong>.  Comment \u00e7a fonctionne ? Vous nous indiquer le mod\u00e8le de votre tl\u00e9phone et nous vous disons ce que nous avons de disponible chez notre fournisseur. Ensuite, vous r\u00e9glez en magasin et vous le recevez directement <strong>chez vous<\/strong>. Les avantages de ce syst\u00e8me : <strong>un large \u00e9ventail<\/strong> de r\u00e9f\u00e9rence disponible, un paiement s\u00e9curis\u00e9 en magasin le jour de la commande, <strong>une livraison rapide<\/strong> (48 \u00e0 72h) et une livraison directement dans votre boite aux lettres <strong>sans signature<\/strong>. <\/p>\n<\/div>\n<\/div>\n\n\n\n<div class=\"wp-block-columns is-layout-flex wp-container-core-columns-is-layout-9d6595d7 wp-block-columns-is-layout-flex\">\n<div class=\"wp-block-column is-layout-flow wp-block-column-is-layout-flow\" style=\"flex-basis:66.66%\">\n<figure class=\"wp-block-image size-large is-resized\"><img loading=\"lazy\" decoding=\"async\" width=\"1024\" height=\"273\" src=\"https:\/\/avelismobileconcept.fr\/wp-content\/uploads\/2025\/06\/Banniere-learning-1-1024x273.png\" alt=\"\" class=\"wp-image-1984\" style=\"object-fit:cover;width:1500px;height:400px\" srcset=\"https:\/\/avelismobileconcept.fr\/wp-content\/uploads\/2025\/06\/Banniere-learning-1-1024x273.png 1024w, https:\/\/avelismobileconcept.fr\/wp-content\/uploads\/2025\/06\/Banniere-learning-1-600x160.png 600w, https:\/\/avelismobileconcept.fr\/wp-content\/uploads\/2025\/06\/Banniere-learning-1-300x80.png 300w, https:\/\/avelismobileconcept.fr\/wp-content\/uploads\/2025\/06\/Banniere-learning-1-768x205.png 768w, https:\/\/avelismobileconcept.fr\/wp-content\/uploads\/2025\/06\/Banniere-learning-1.png 1500w\" sizes=\"(max-width: 1024px) 100vw, 1024px\" \/><\/figure>\n<\/div>\n\n\n\n<div class=\"wp-block-column is-vertically-aligned-center is-layout-flow wp-block-column-is-layout-flow\" style=\"flex-basis:33.33%\">\n<p style=\"font-size:18px;font-style:normal;font-weight:300\">Vous avez un <strong>smartphone<\/strong> mais vous \u00e9prouvez <strong>des difficult\u00e9s \u00e0 l&rsquo;utiliser<\/strong> ? Nous avons maintenant la solution en magasin. Nous donnons <strong>des cours personnalis\u00e9s<\/strong> pour que vous puissiez ensuite utiliser au mieux votre appareil. <br>C&rsquo;est simple, vous venez en magasin, nous fixons une date. Ensuite avant <strong>le cours<\/strong>, vous prenez le temps de marquer toutes les questions que vous vous posez. Le jour <strong>du cours<\/strong>, nous r\u00e9pondons \u00e0 vos questions et nous vous montrons \u00e9galement toutes les astuces que vous pouvez \u00e9galement utiliser. Apr\u00e8s <strong>ce cours<\/strong>, deux ou trois jours apr\u00e8s, vous pourrez r\u00e9cup\u00e9rer <strong>un fascicule<\/strong> avec tout ce que nous avons pu voir pendant le cours. N&rsquo;h\u00e9sitez pas \u00e0 nous demander. <\/p>\n<\/div>\n<\/div>\n\n\n\n<p><\/p>\n","protected":false},"excerpt":{"rendered":"<p>\ud83d\udca1 Trouvez la meilleure box internetNous comparons avec vous les offres internet parmi les plus grands op\u00e9rateurs : Orange, SFR, Bouygues, Free\u2026Fibre, ADSL ou 4G Box : selon votre \u00e9ligibilit\u00e9, nous vous proposons l\u2019offre la plus adapt\u00e9e \u00e0 votre usage et \u00e0 votre budget.\u2705 Multi-op\u00e9rateurs\u2705 Installation rapide\ud83d\udccdTestez votre \u00e9ligibilit\u00e9 au magasin d\u00e8s maintenant ! Aujourd\u2019hui, [&hellip;]<\/p>\n","protected":false},"author":1,"featured_media":0,"parent":125,"menu_order":0,"comment_status":"closed","ping_status":"closed","template":"","meta":{"ocean_post_layout":"","ocean_both_sidebars_style":"","ocean_both_sidebars_content_width":0,"ocean_both_sidebars_sidebars_width":0,"ocean_sidebar":"","ocean_second_sidebar":"","ocean_disable_margins":"enable","ocean_add_body_class":"","ocean_shortcode_before_top_bar":"","ocean_shortcode_after_top_bar":"","ocean_shortcode_before_header":"","ocean_shortcode_after_header":"","ocean_has_shortcode":"","ocean_shortcode_after_title":"","ocean_shortcode_before_footer_widgets":"","ocean_shortcode_after_footer_widgets":"","ocean_shortcode_before_footer_bottom":"","ocean_shortcode_after_footer_bottom":"","ocean_display_top_bar":"default","ocean_display_header":"default","ocean_header_style":"","ocean_center_header_left_menu":"","ocean_custom_header_template":"","ocean_custom_logo":0,"ocean_custom_retina_logo":0,"ocean_custom_logo_max_width":0,"ocean_custom_logo_tablet_max_width":0,"ocean_custom_logo_mobile_max_width":0,"ocean_custom_logo_max_height":0,"ocean_custom_logo_tablet_max_height":0,"ocean_custom_logo_mobile_max_height":0,"ocean_header_custom_menu":"","ocean_menu_typo_font_family":"","ocean_menu_typo_font_subset":"","ocean_menu_typo_font_size":0,"ocean_menu_typo_font_size_tablet":0,"ocean_menu_typo_font_size_mobile":0,"ocean_menu_typo_font_size_unit":"px","ocean_menu_typo_font_weight":"","ocean_menu_typo_font_weight_tablet":"","ocean_menu_typo_font_weight_mobile":"","ocean_menu_typo_transform":"","ocean_menu_typo_transform_tablet":"","ocean_menu_typo_transform_mobile":"","ocean_menu_typo_line_height":0,"ocean_menu_typo_line_height_tablet":0,"ocean_menu_typo_line_height_mobile":0,"ocean_menu_typo_line_height_unit":"","ocean_menu_typo_spacing":0,"ocean_menu_typo_spacing_tablet":0,"ocean_menu_typo_spacing_mobile":0,"ocean_menu_typo_spacing_unit":"","ocean_menu_link_color":"","ocean_menu_link_color_hover":"","ocean_menu_link_color_active":"","ocean_menu_link_background":"","ocean_menu_link_hover_background":"","ocean_menu_link_active_background":"","ocean_menu_social_links_bg":"","ocean_menu_social_hover_links_bg":"","ocean_menu_social_links_color":"","ocean_menu_social_hover_links_color":"","ocean_disable_title":"default","ocean_disable_heading":"default","ocean_post_title":"","ocean_post_subheading":"","ocean_post_title_style":"","ocean_post_title_background_color":"","ocean_post_title_background":0,"ocean_post_title_bg_image_position":"","ocean_post_title_bg_image_attachment":"","ocean_post_title_bg_image_repeat":"","ocean_post_title_bg_image_size":"","ocean_post_title_height":0,"ocean_post_title_bg_overlay":0.5,"ocean_post_title_bg_overlay_color":"","ocean_disable_breadcrumbs":"default","ocean_breadcrumbs_color":"","ocean_breadcrumbs_separator_color":"","ocean_breadcrumbs_links_color":"","ocean_breadcrumbs_links_hover_color":"","ocean_display_footer_widgets":"default","ocean_display_footer_bottom":"default","ocean_custom_footer_template":"","footnotes":""},"class_list":["post-135","page","type-page","status-publish","hentry","entry"],"jetpack_sharing_enabled":true,"_links":{"self":[{"href":"https:\/\/avelismobileconcept.fr\/index.php?rest_route=\/wp\/v2\/pages\/135","targetHints":{"allow":["GET"]}}],"collection":[{"href":"https:\/\/avelismobileconcept.fr\/index.php?rest_route=\/wp\/v2\/pages"}],"about":[{"href":"https:\/\/avelismobileconcept.fr\/index.php?rest_route=\/wp\/v2\/types\/page"}],"author":[{"embeddable":true,"href":"https:\/\/avelismobileconcept.fr\/index.php?rest_route=\/wp\/v2\/users\/1"}],"replies":[{"embeddable":true,"href":"https:\/\/avelismobileconcept.fr\/index.php?rest_route=%2Fwp%2Fv2%2Fcomments&post=135"}],"version-history":[{"count":22,"href":"https:\/\/avelismobileconcept.fr\/index.php?rest_route=\/wp\/v2\/pages\/135\/revisions"}],"predecessor-version":[{"id":2193,"href":"https:\/\/avelismobileconcept.fr\/index.php?rest_route=\/wp\/v2\/pages\/135\/revisions\/2193"}],"up":[{"embeddable":true,"href":"https:\/\/avelismobileconcept.fr\/index.php?rest_route=\/wp\/v2\/pages\/125"}],"wp:attachment":[{"href":"https:\/\/avelismobileconcept.fr\/index.php?rest_route=%2Fwp%2Fv2%2Fmedia&parent=135"}],"curies":[{"name":"wp","href":"https:\/\/api.w.org\/{rel}","templated":true}]}}